t r = -8 + h. What are the prime factors of r?
7
Let c = -4 + 8. Suppose 0 = -0*o - c*o + 56. List the prime factors of o.
2, 7
Suppose 0*j - 18 = -2*j. Suppose -4*b + j = -3*b. What are the prime factors of b?
3
Suppose 5*i - 25 = 6*s - 5*s, -2*i + 5*s + 33 = 0. Suppose 0 = -k - i + 6. Suppose -6*f - t + 41 = -f, -f = -k*t - 6. What are the prime factors of f?
2
Let r(s) = -s**2 + 12*s - 12. List the prime factors of r(8).
2, 5
Let x = 252 + -143. Suppose x = 4*v - 55. Let a = -27 + v. List the prime factors of a.
2, 7
Let q(t) = t**2 - 4*t + 5. Let b be q(4). Suppose 2*u + b*x = -u + 6, -x = -3*u + 24. What are the prime factors of u?
7
Let y be (-1*1)/(-1) - -8. Let a(q) = q**3 - 3*q**2 + 2*q + 2. Let n be a(2). List the prime factors of n/(-6) + 66/y.
7
Suppose 3*l - 43 = -5*z, 5*l - l - 69 = 5*z. Suppose -s + l - 4 = 0. List the prime factors of s/15*5/2.
2
List the prime factors of ((-27)/(-18))/(1/2) + 48.
3, 17
Let s be ((-2)/4)/((-4)/40). Let h(a) = -a**2 + 3*a + 2. Let v be h(s). Let b(k) = -2*k - 3. List the prime factors of b(v).
13
Suppose -38 - 2 = -5*w + 4*p, -w + 3*p - 3 = 0. What are the prime factors of 214/w - (-1)/6?
2, 3
Suppose 3*x - u + 152 = 8*x, -5*u - 50 = -2*x. Suppose 3*h - x = -2*h. List the prime factors of h.
2, 3
Let k(t) = t - 5. Let d be k(-4). Let h(q) = -2*q - 12. What are the prime factors of h(d)?
2, 3
Let r = 8 + -19. Let j = r - -20. What are the prime factors of j?
3
Suppose 0 = 5*r - 5*x, r - 3*x + 0*x = -6. Suppose -h - 22 = -5*h + 5*n, h + r*n - 14 = 0. What are the prime factors of h?
2
Suppose 4*i + 5*g + 125 = 45, 3*i + g = -49. Let n(k) = -3*k + 4. Let z be n(10). Let d = i - z. List the prime factors of d.
11
Let z(h) = h**2 + 8*h - 2. List the prime factors of z(-9).
7
Suppose -25 - 2 = -c. List the prime factors of c.
3
Let y = 8 + -2. Suppose 5*d + 4*x = 32, 4*x = -3*d + 2*x + 18. Suppose -y = -d*n + 38. List the prime factors of n.
11
Suppose -t = -3*b + 19, -2*t = b - t - 13. List the prime factors of (32 - b) + 0/(-1).
2, 3
Let b = -1 + 3. Let u(t) = -t**3 + 4*t**2 + t - 2. Let p be u(3). Suppose b*z = 7*z - p. List the prime factors of z.
2
Suppose -24 = -5*r - 9. Let u be 4*-1*1/(-2). Suppose -5*j = v - 22, 0 = -r*v + u*j + 23 + 9. What are the prime factors of v?
2, 3
Let t = -22 - -42. Suppose -t - 10 = -5*c. Suppose -3*u = -6*u + c. List the prime factors of u.
2
Suppose -24 = -5*y + 3*y. Suppose -3*f + f + y = 0. List the prime factors of (-2)/(-3) - (-26)/f.
5
Let h = 3 - 1. Suppose 0*r + 46 = h*r. List the prime factors of r.
23
Suppose 3*t = 114 - 15. What are the prime factors of t?
3, 11
Suppose -3*q + 5*x + 22 = 0, 18 + 13 = 3*q + 4*x. List the prime factors of q.
3
Let o(i) = -14*i - 29. List the prime factors of o(-7).
3, 23
Let o = 21 + -16. What are the prime factors of o?
5
Let h = -2 - -5. Let f be 1 - (0 - 105/h). Suppose f = 6*v - 2*v. What are the prime factors of v?
3
Let f = 5 - 2. Suppose 32 = f*n - 31. List the prime factors of n.
3, 7
Let q = -103 + 147. What are the prime factors of q?
2, 11
Let n be 2/12 + (-4340)/(-24). Suppose 224 = 5*s + 3*c, -7*s - 3*c = -3*s - n. List the prime factors of s.
43
Let g(m) = -7 + 7 + m. List the prime factors of g(2).
2
Suppose 18 = 2*q + 4*t, 4*q - 21 + 6 = -t. Suppose -45 = -q*s - 9. What are the prime factors of s?
2, 3
Let p = 222 + -147. Suppose -5*g = -0*g - p. What are the prime factors of g?
3, 5
Let a = 3 - 0. Suppose -a*v - 1 = -16. What are the prime factors of v?
5
Let d be 170/8 + (-1)/4. Let t = d + -1. Let r = -14 + t. List the prime factors of r.
2, 3
Let p(s) = -s**3 + 8*s**2 + 4*s - 10. What are the prime factors of p(8)?
2, 11
Let p(c) = -2*c - 9. What are the prime factors of p(-9)?
3
Let l(k) = -4*k + 5. Let r be -3 - 0 - -3 - 6. What are the prime factors of l(r)?
29
Let v = 10 + -6. Suppose -3*w + 9 = 3*p, 3*p + v*w - 3 = 5. Suppose -m - 45 = -p*m. What are the prime factors of m?
3, 5
Suppose -6*r = 2*r - 1224. What are the prime factors of r?
3, 17
Suppose 0 = -0*k - 4*k - 144. What are the prime factors of k/21*28/(-8)?
2, 3
Let o be (10/(-1))/(5/(-10)). Suppose 3*v + v + o = 0, -4*t - 1 = 5*v. List the prime factors of t.
2, 3
Suppose r - 3*m = -r + 25, r + 2*m - 2 = 0. Let b(g) = 5*g - 12. What are the prime factors of b(r)?
2, 7
Let s = 98 + -14. Suppose -3*v + s = v. What are the prime factors of v?
3, 7
Let d(w) = w**3 + 6*w**2 + 3*w - 3. Let o(u) = u**3 + 2*u**2 + u - 2. Let b be o(-2). What are the prime factors of d(b)?
17
Let q = 233 + -102. List the prime factors of q.
131
Let n be (-1 + 1)/(-1 - 1). Suppose -3*d + 3*f - 57 = -n*f, 4*f - 20 = 0. What are the prime factors of (-4)/d + (-328)/(-28)?
2, 3
Suppose 8*d - 213 - 1235 = 0. What are the prime factors of d?
181
Let g = -167 + 292. What are the prime factors of g?
5
Suppose 2*k - 7 = 9. Suppose k = -0*u + u. Suppose 3*r - 113 = -5*l + 5*r, -2*r = u. What are the prime factors of l?
3, 7
Let g = 23 + -11. What are the prime factors of g?
2, 3
Suppose -5*w = 3*j - 608, -2*w + 6*w = 4. List the prime factors of j.
3, 67
Let l(o) = o + 14. Let k be 15*-1*(-8)/(-12). Let h be l(k). Suppose -r + 13 = -h. What are the prime factors of r?
17
Suppose -4*p = 3*o + 20, -2*o = -o - 4*p - 20. Suppose -4*s - s + 155 = o. What are the prime factors of s?
31
Suppose 0 = -2*f - 2*i - 18, -5 = -f + 5*i + 4. Let k be 2/f - 64/(-12). Suppose v - k = -0*v. What are the prime factors of v?
5
Suppose -26 + 68 = 3*y. Suppose y = s + s. Let w(v) = v**2 - 4*v - 7. What are the prime factors of w(s)?
2, 7
Suppose -7*p + 156 = -138. List the prime factors of p.
2, 3, 7
Let s(d) = -d + 8. Let o(k) = 5*k - 2. Let q be o(2). Let g be s(q). Suppose 0*r - 3*y = -3*r + 33, g = r + 5*y - 17. List the prime factors of r.
2, 3
Suppose y - 5*v = 3*y, 2*y - 18 = 4*v. Let g(i) = 2*i - 3. Let q be g(y). Suppose 2*u - s = 16, -54 = 2*u - q*u - s. List the prime factors of u.
2, 5
Suppose 6 = -2*m + 2*n - n, 5*m = -5*n - 15. Let i = -3 - m. Suppose 4*t + t - 70 = i. List the prime factors of t.
2, 7
What are the prime factors of 2/(-6) + ((-1057)/(-3) - 1)?
3, 13
Let t(o) = 2*o**2 - 9*o - 16. List the prime factors of t(8).
2, 5
Let d(s) = -s**3 - 6*s**2 + 8*s + 8. Let z be d(-7). What are the prime factors of (1 + z - 3) + 7?
2, 3
Let m = -10 - -15. Suppose -s - 1 + m = 0. List the prime factors of s.
2
Let h be (-6)/((-27)/21 + 1). Suppose 29 = 2*z - 5*l, 2*z - 8 = 2*l + 6. Suppose z*r - h = -r. What are the prime factors of r?
7
Let c be ((-12)/(-3))/(1 - 2). Let j = c + 3. What are the prime factors of (2/5)/(j/(-30))?
2, 3
Suppose -i + 0*i = -3. Suppose 0 = -i*p - 3*l - 84, l = -0*l - 4. What are the prime factors of (4/6)/((-2)/p)?
2
Suppose 3*v = -3*a - 12, -2*v + 5 - 13 = -4*a. Let s be (a - 0)*(-4)/8. List the prime factors of (s - 2)/(4/(-14)).
7
Let i = 34 + -8. What are the prime factors of i?
2, 13
Suppose -32*s + 21*s + 2211 = 0. What are the prime factors of s?
3, 67
Let y(l) = -l + 11. Let i(n) = 5*n - 2. Let x be i(2). Let a be y(x). Suppose 0 = 3*g - a*w - 27, g + 2*w - 4 = 4*w. List the prime factors of g.
2, 7
Suppose -43 - 47 = 2*m. What are the prime factors of ((-36)/m)/(1/35)?
2, 7
Suppose 0 = -2*v - 3*v + 15. Let o = v + -1. Suppose -o*x + 7*x = 20. List the prime factors of x.
2
Let x be 3*-2 - (-2 - 0). Let m(d) = 1 + 6*d**2 - 5*d**2 + d**2 + 5*d. What are the prime factors of m(x)?
13
Let i(p) be the second derivative of -p**4/12 - 4*p**3/3 + 3*p**2 - p. Let o(m) = -3*m**2 + 3*m - 2. Let k be o(2). List the prime factors of i(k).
2, 3
Let t be 1 - 0 - (-312)/8. Suppose -5*q = 3*o - t, -q + 2 = q + 4*o. Let d = 21 - q. List the prime factors of d.
2, 5
Suppose -18*s - 272 = -22*s. List the prime factors of s.
2, 17
Let n be (18/21)/((-2)/(-14)). Suppose 0 = n*z - 5*z. Suppose -3*u + 102 - 42 = z. What are the prime factors of u?
2, 5
Suppose 0 = 5*r - x + 5*x - 23, 2*r + 5*x - 16 = 0. Suppose -r*s + 4 = -5*s. What are the prime factors of (s/(-4))/1*24?
2, 3
Let a be (-185)/(-30) + (-1)/6. Let b be -4*(-3)/a + 3. Suppose b*n + 2*j - 33 + 3 = 0, 12 = -n - 4*j. List the prime factors of n.
2
Let d = 22 + -15. Let t = -12 + d. Let i = -3 - t. What are the prime factors of i?
2
Let z = -30 + 43. Let q = 19 - z. What are the prime factors of q?
2, 3
S